e 16, what is -c + 19?
d
In base 8, what is -23 - -1?
-22
In base 11, what is 852 - a?
843
In base 14, what is -584b + 1?
-584a
In base 8, what is 1420 - 0?
1420
In base 3, what is 20010 + 11?
20021
In base 16, what is 37 + -16?
21
In base 10, what is 11 + -5?
6
In base 10, what is -127 - 4?
-131
In base 5, what is -1322 + 10?
-1312
In base 14, what is -1 + 2?
1
In base 12, what is 207 + -4?
203
In base 10, what is 0 - -199?
199
In base 9, what is -33 + 262?
228
In base 11, what is 1 + -121?
-120
In base 5, what is -220 - 3?
-223
In base 16, what is -3b + -1?
-3c
In base 2, what is 11 + 10001?
10100
In base 3, what is -200210212 + -1?
-200210220
In base 11, what is -96 + -16?
-101
In base 15, what is 4 + -3e?
-3a
In base 13, what is -4 + -3b9?
-3c0
In base 10, what is -197 + 7?
-190
In base 8, what is 4 - -352?
356
In base 10, what is -184 - -17?
-167
In base 2, what is 10010101 - 0?
10010101
In base 3, what is 21002 + -1?
21001
In base 16, what is 3 + 17d?
180
In base 5, what is 24000 + 4?
24004
In base 8, what is 2 - 300?
-276
In base 10, what is 3 - 411?
-408
In base 13, what is 1 - 21?
-20
In base 9, what is -1 - -60?
58
In base 16, what is dc + 0?
dc
In base 3, what is -11 + -121?
-202
In base 13, what is 5901 - -3?
5904
In base 13, what is -3 - -263?
260
In base 4, what is 0 - -1001?
1001
In base 5, what is 11 + -104?
-43
In base 16, what is 5bb - -3?
5be
In base 6, what is 11 + -1?
10
In base 15, what is 16 + -13?
3
In base 7, what is 315 - 0?
315
In base 8, what is 5 - 57?
-52
In base 13, what is -39 + -4?
-40
In base 8, what is -2 - 324?
-326
In base 15, what is -1d3 + 1?
-1d2
In base 8, what is 260 - -3?
263
In base 10, what is -247 + 47?
-200
In base 2, what is -100011010 + 101110?
-11101100
In base 9, what is -3 + 73?
70
In base 9, what is -1 + 2307?
2306
In base 15, what is 5 + -173?
-16d
In base 8, what is 6 + 120?
126
In base 7, what is 154 - -143?
330
In base 6, what is -4 - -5534?
5530
In base 8, what is 2521 - -1?
2522
In base 13, what is 4 - 14?
-10
In base 9, what is -4 + -42?
-46
In base 5, what is -14 + -22014?
-22033
In base 3, what is 10222222 + -1?
10222221
In base 4, what is -3 - -123012?
123003
In base 3, what is 1 - 1221?
-1220
In base 13, what is -13b - b?
-149
In base 7, what is -5 + -1?
-6
In base 15, what is 1b7 - 3?
1b4
In base 16, what is d + 3ec?
3f9
In base 16, what is 701 + -1?
700
In base 15, what is 2 - 3c?
-3a
In base 5, what is -301132 + -4?
-301141
In base 10, what is 95 + 2?
97
In base 12, what is -58 + -16?
-72
In base 6, what is -20 + 150?
130
In base 10, what is 7 + -976?
-969
In base 12, what is 54 - -10?
64
In base 13, what is -293 + 1?
-292
In base 13, what is 6a + 16?
83
In base 7, what is 120 - -135?
255
In base 6, what is 0 - 333?
-333
In base 8, what is -344 + -2?
-346
In base 3, what is -101211 + -1?
-101212
In base 9, what is 53 + 171?
234
In base 6, what is 4 + 144?
152
In base 9, what is -527 - -3?
-524
In base 5, what is 10 + -10434?
-10424
In base 10, what is -3320 - 4?
-3324
In base 4, what is -133133 - 30?
-133223
In base 8, what is 5046 + -1?
5045
In base 16, what is 7 + -7f?
-78
In base 3, what is -1022111 + -1?
-1022112
In base 13, what is -67 - 1?
-68
In base 16, what is f5 - 7?
ee
In base 12, what is 3 + b1?
b4
In base 13, what is -81 + 63?
-1b
In base 12, what is -59 - 8b?
-128
In base 15, what is -1c9 + -1?
-1ca
In base 11, what is -63 + 27?
-37
In base 14, what is 2b2 - 3?
2ad
In base 4, what is 1200 + 0?
1200
In base 9, what is -3 - 33?
-36
In base 7, what is -33 - -113?
50
In base 7, what is 6 + -5?
1
In base 7, what is 1156 + 2?
1161
In base 13, what is -6 + 1c?
16
In base 16, what is -8 - -74?
6c
In base 14, what is -9 - -16?
b
In base 13, what is 282 - 0?
282
In base 6, what is 153020 + -1?
153015
In base 14, what is -5 + 65?
60
In base 7, what is 10030 - 14?
10013
In base 4, what is -212 + 211?
-1
In base 16, what is -5 + 4?
-1
In base 2, what is -10010001 + -100110?
-10110111
In base 3, what is -1102202 + 12?
-1102120
In base 13, what is 513 + -9?
507
In base 9, what is 4 + -22?
-17
In base 9, what is -1 - 3662?
-3663
In base 6, what is -401 + 4?
-353
In base 6, what is -115 + 3?
-112
In base 4, what is 1 - 1022?
-1021
In base 15, what is -3 + 529?
526
In base 14, what is -13 + -281?
-294
In base 11, what is 775 - -21?
796
In base 16, what is -2 - d?
-f
In base 12, what is 358 - 4?
354
In base 8, what is 3 + -12?
-7
In base 3, what is 1010 - -20221?
22001
In base 10, what is 6783 - 3?
6780
In base 9, what is -15453 + 1?
-15452
In base 13, what is 4 + -676?
-672
In base 5, what is -1432 + 2?
-1430
In base 8, what is -7 - 307?
-316
In base 2, what is 11011 - 100001?
-110
In base 2, what is 101000 + 1100011?
10001011
In base 8, what is -1 - -33?
32
In base 9, what is 111 + 3?
114
In base 11, what is 3 + -5?
-2
In base 5, what is -3 - 110?
-113
In base 7, what is 1 - -1044?
1045
In base 5, what is 3002 - 11?
2441
In base 4, what is -2 + -31113?
-31121
In base 12, what is 15 + 353?
368
In base 9, what is 62 + -5?
56
In base 6, what is -2 + 1?
-1
In base 5, what is -13 + -122040?
-122103
In base 11, what is -11 + -1?
-12
In base 4, what is 11 + 101?
112
In base 16, what is 112 - 3?
10f
In base 4, what is 10 - -333?
1003
In base 16, what is -1 - -43b?
43a
In base 14, what is -1a + -10?
-2a
In base 11, what is 394 - 3?
391
In base 10, what is 200 - -14?
214
In base 2, what is 0 + -1001?
-1001
In base 7, what is -46 + 330?
251
In base 12, what is 4 - 1b?
-17
In base 5, what is -21 + 2?
-14
In base 6, what is -12 + -52?
-104
In base 6, what is 5 - 2234?
-2225
In base 9, what is -4717 - -3?
-4714
In base 8, what is 5 - -5130?
5135
In base 15, what is 5d + 4?
62
In base 2, what is 10 - -1100001101?
1100001111
In base 9, what is 1 + -1573?
-1572
In base 6, what is -5 + -511?
-520
In base 15, what is d - -2?
10
In base 6, what is 5 - -105?
114
In base 5, what is 0 + -214?
-214
In base 12, what is 53 - -4?
57
In base 14, what is -26 - 5?
-2b
In base 16, what is 3 + 784?
787
In base 12, what is -2 - -39?
37
In base 4, what is 11 - 32231?
-32220
In base 15, what is ad + -1a?
93
In base 15, what is -97 - 5?
-9c
In base 3, what is 0 + 1102211?
1102211
In base 12, what is 3 - -977?
97a
In base 10, what is 2 + -8192?
-8190
In base 4, what is 2 + -2023?
-2021
In base 12, what is 32 + -2a0?
-26a
In base 15, what is -1 + 97d?
97c
In base 11, what is -3 + -a0?
-a3
In base 10, what is 219 - -1?
220
In base 8, what is -157 - -5?
-152
In base 16, what is -2b66 + -4?
-2b6a
In base 14, what is 5 + 20c?
213
In base 15, what is -1a2 + -4?
-1a6
In base 13, what is -2 + -2b?
-30
In base 9, what is 31428 + 1?
31430
In base 13, what is -28 - 5?
-30
In base 16, what is -2c + -19d?
-1c9
In base 11, what is -5 - -261?
257
In base 2, what is 100011 + -1110?
10101
In base 6, what is 42521 + 2?
42523
In base 6, what is -32 + -2?
-34
In base 11, what is -1 + -183?
-184
In base 10, what is -10 - -15?
5
In base 3, what is -1200200 - -22?
-1200101
In base 2, what is 10111 + 10011?
101010
In base 6, what is 10434 + 3?
10441
In base 10, what is 3 - -316?
319
In base 12, what is -16 - -6?
-10
In base 11, what is -3 - 65?
-68
In base 5, what is -2141 + -1?
-2142
In base 9, what is -60 - -34?
-25
In base 9, what is 5 + -4617?
-4612
In base 5, what is 2 - 1244?
-1242
In base 4, what is 3 + -1201?
-1132
In base 9, what is 17 - -27?
45
In base 10, what is -10 - -139?
129
In base 16, what is 4 - 6?
-2
In base 4, what is 22 - -13013?
13101
In base 15, what is -5 - 2de?
-2e4
In base 5, what is -14 - 123?
-142
In base 15, what is 10 + -5?
a
In base 5, what is -333 + 13?
-320
In base 13, what is 5046 - 2?
5044
In base 11, what is -9 + 737?
729
In base 7, what is -5 - 2324?
-2332
In base 2, what is -1100 - 1000?
-10100
In base 7, what is 6 + -245?
-236
In base 2, what is -10 + -101000001011?
-101000001101
In base 2, what is -10000 - -101000?
11000
In base 4, what is -2332 + -3?
-3001
In base 13, what is -3 + -11?
-14
In base 9, what is -187 + -82?
-280
In base 2, what is 100 - 110011110?
-110011010
In base 4, what is -13 + 21?
2
In base 5, what is -10 + 11332?
11322
In base 8, what is -620 + -4?
-624
In base 11, what is -9186 - -4?
-9182
In base 10, what is 15 - -5?
20
In base 3, what is 1000 + -220?
10
In base 14, what is